- 5*d + 27 = 0. What is the remainder when o is divided by d?
7
Let z = 17 + -1. Suppose -4*q = 4*l - 0*l - z, 5*l + 36 = 3*q. Let a(d) = -d**2 + 10*d - 7. Calculate the remainder when 54 is divided by a(q).
12
Let l be (-1 + (-5)/(-2))*-2. Let d = l - -13. What is the remainder when d is divided by 6?
4
Suppose 2*i + 3*i = -2*b + 17, 2*b = 4*i - 28. Suppose p - h = h - 13, -30 = 5*p - 3*h. What is the remainder when i is divided by (p/(-2))/((-1)/(-2))?
2
Let h(s) = -4*s + 9*s + 2 - 5. Calculate the remainder when 11/(66/300) + -1 is divided by h(4).
15
Suppose 20 = 3*t + 2*t. Let g be (6/9)/(3/27). Suppose -5*j = -o + 14, -g = -o - 3*j + t*j. Calculate the remainder when o is divided by 2.
0
Let y(j) be the third derivative of -7*j**4/24 - j**2. What is the remainder when 40 is divided by y(-2)?
12
Let d = 26 + -13. Suppose 0 = -0*q + 4*q - 100. Calculate the remainder when q is divided by d.
12
Let c(r) = r**3 + 5*r**2 - 2*r - 7. Let j be c(-5). Suppose -x = j, -z + 3*x + 4 = -16. Calculate the remainder when 30 is divided by z.
8
Let m(h) = -h**3 - 4*h**2 - 2*h - 27. Let x(f) = -4*f**3 - 4*f**2 - 3*f - 2. Let k be x(-2). Let g = -5 + k. What is the remainder when m(-6) is divided by g?
12
Let o(i) = i + 7. Let c be o(-3). Suppose y - r = 27, -c*y + r + 4*r = -103. Suppose 3*j + y = 5*j. What is the remainder when j is divided by 6?
4
Let w be (-1 - -1)/(0 - -3). Let k = 1 + w. Calculate the remainder when k is divided by 1.
0
Let j(y) = y**3 + y**2 - y + 31. Calculate the remainder when j(0) is divided by 11.
9
Suppose -d - 2*d = -66. Let s(z) = 65*z**2 - z. Let i be ((-3)/6)/((-3)/6). What is the remainder when s(i) is divided by d?
20
Let f = 88 + -87. Calculate the remainder when 3 is divided by f.
0
Let d(k) = k**3 - 3*k**2 + 5*k + 3. Calculate the remainder when d(6) is divided by 48.
45
Suppose -13 = -3*f - 1. Calculate the remainder when 10 is divided by f.
2
Let x(s) = 2*s - 2. Let j be x(2). Suppose -6*p + j*p = -284. Suppose -4*q + 53 = -p. What is the remainder when q is divided by 16?
15
Suppose -3*n = -0*j + 2*j - 256, 4*j - 2*n = 544. Calculate the remainder when j is divided by 34.
32
Let w(a) = -2*a - 7. Suppose -3*f + 2*r = -12, f + 8 = 3*f + 5*r. Suppose k - f*k = -123. What is the remainder when k is divided by w(-9)?
8
Let z(k) = -k**2 - 4*k + 8. Let y be z(-6). Let t = y - -6. Suppose 5 = c - t. What is the remainder when c is divided by 3?
1
Let i(b) = b + 1. Let n(f) = -16*f - 6. Let t(p) = -10*i(p) - n(p). Let d = -4 + 31. Calculate the remainder when d is divided by t(3).
13
Suppose -98 = -2*x - 4*v, 2*x - 5*x - 4*v = -143. Calculate the remainder when 312 is divided by x.
42
Suppose -4*l + 4*u = -u - 45, u = -1. Let q = 2 - 2. Suppose q*y + 18 = 4*c + 2*y, -c - 3*y + 7 = 0. What is the remainder when l is divided by c?
2
Suppose -5*g + 3*g = 4*l - 74, 3*g = 5*l - 109. Let i = -16 + l. Calculate the remainder when 13 is divided by i.
1
Suppose -4 + 136 = 6*a. Calculate the remainder when 56 is divided by a.
12
Suppose 0*q - 20 = 4*q, -95 = -5*l + 3*q. Calculate the remainder when 28 is divided by l.
12
Let s(h) = h**2 - h + 4. What is the remainder when 39 is divided by s(3)?
9
Let n(q) = -q + 3. Let t be n(-3). Calculate the remainder when (9/t)/3*106 is divided by 14.
11
Let a(c) = -c**2 - 1. Let d be a(1). Let v = d - -5. Calculate the remainder when 3 is divided by v.
0
Suppose -4*k - 49 = -241. Let u = k - 24. Calculate the remainder when u is divided by 9.
6
Suppose 5*p + 9 = s - 5, 0 = -s - 2*p. What is the remainder when -4*(3 - 11)/s is divided by 3?
2
Suppose -m = 4*m - 50. What is the remainder when 38 is divided by m?
8
Suppose 4*s + 26 + 14 = 4*r, -5*r = s - 44. What is the remainder when 134/8 - (-1)/4 is divided by r?
8
Suppose -4*t - 2*w = w - 8, 0 = -5*t - 5*w + 10. Let j(h) = h**2 + 5*h + 1. Calculate the remainder when t is divided by j(-5).
0
What is the remainder when 1606/18 + -4 + 34/9 is divided by 45?
44
Let u be (-1)/4 + (-171)/36. Calculate the remainder when 69 is divided by 495/11*(-2)/u.
15
Let p(g) = 3*g**2 + 4*g - 1. Calculate the remainder when p(-6) is divided by 21.
20
Let h(z) = -2*z + 22. Let y be h(0). Let p = 43 - y. Calculate the remainder when 62 is divided by p.
20
Let g(r) = r**3 - 6*r**2 + 3*r - 1. Let f(c) = 5*c + 3. What is the remainder when g(7) is divided by f(3)?
15
Let d = 0 - -3. Suppose d*r = n - 1, -4*r + 2*n = -0*r. Calculate the remainder when 154/6 + r/(-3) is divided by 9.
8
Suppose -5*s - 20 = 0, 4*t - 4*s = -3*s. Let k be -1*(t + 0 + 2). What is the remainder when k/(24/25 - 1) is divided by 9?
7
Let s(b) = -b**3 + b**2 - 1. Let f be s(1). Calculate the remainder when (1/(1/11))/1 is divided by 150/24 - f/(-4).
5
Suppose 12*o = 8*o + 72. Suppose 0 = -2*t + 14 + 14. What is the remainder when ((-6)/(-4) - -1)*t is divided by o?
17
Let m(x) = -x**2 - 8*x + 7. Let t = 5 - 12. Calculate the remainder when m(t) is divided by 8.
6
Suppose -2*u + 29 = 11. Suppose 4*y = -2*o + 3 + u, -3*o = 2*y - 30. Calculate the remainder when 47 is divided by o.
11
Suppose 141 = 3*o - 9. What is the remainder when o is divided by 18?
14
Let y(r) = -r**3 - 9*r**2 - 12*r - 8. What is the remainder when y(-8) is divided by 9?
6
Let r(f) = 12*f - 4. Let k be r(3). Calculate the remainder when (-12 + 0)/((-6)/k) is divided by 22.
20
Suppose -5*g = 5*x - 133 - 82, -5*x = g - 223. What is the remainder when x is divided by 24?
21
Let o = 7 - 3. Let s(l) = l**2 - 7*l - 8. What is the remainder when s(9) is divided by o?
2
Let a(n) = 0 + 1 + 2*n**3 - n - n**2 + 1. What is the remainder when a(2) is divided by (-1)/(2/(-14) - 0)?
5
Let m = -9 + 17. Let p = 9 + -6. What is the remainder when m is divided by p?
2
Suppose z = -5*n - 7 + 106, 0 = 5*n + 5*z - 115. Calculate the remainder when 37 is divided by n.
18
Calculate the remainder when 50 is divided by (-2)/4*(-714)/21.
16
Let q = -15 + 25. Let l(t) = t**2 - 4*t. Let y be l(3). Calculate the remainder when q is divided by (-3)/(-2)*(-8)/y.
2
Let k(t) = 4*t**2 - t. Let a be k(-1). Suppose 8 = 5*m + 3*l, 2*l + a = 5*m + 2. Let c(z) = z**3 + z**2. What is the remainder when c(m) is divided by 1?
0
Let f = -146 - -324. Calculate the remainder when f is divided by 36.
34
Let k = -14 - -28. What is the remainder when k is divided by 4?
2
Let q = -4 - -19. What is the remainder when 27 is divided by q?
12
Let q be 1*(-3 + 1)*-2. Let w be (-4 + q)/(2 - 0). Suppose w = 2*a + a - 9. What is the remainder when a is divided by 1?
0
What is the remainder when (-8)/60 - 274/(-30) is divided by 6?
3
Suppose -3*y = -6*y + 39. Suppose y = 5*m + n - 24, 0 = 5*m - 5*n - 25. Calculate the remainder when 27 is divided by m.
6
Let j = -22 - -27. What is the remainder when 9 is divided by j?
4
Calculate the remainder when 17 is divided by (-1 + (-10)/15)*-3.
2
Suppose 14 = 5*s - 11. Calculate the remainder when 96/14 + 9/63 is divided by s.
2
Let w(k) = 2*k**2 - 7*k - 3. Let u(a) = -a**3 - 13*a**2 - 21*a - 94. What is the remainder when w(6) is divided by u(-12)?
13
Let g(i) = 7 + 0*i**2 - i - 6*i**2 + 0*i**3 - i**3. Let d be g(-5). Let x = 27 + d. What is the remainder when 41 is divided by x?
13
Let i(j) = -j**3 + 10*j**2 - 8*j. Let f(u) = -3 - 5*u**2 - 5*u**3 + u**3 + 4*u**2 - 4*u. Calculate the remainder when f(-2) is divided by i(9).
6
Let f(u) = u**3 - 4*u**2 - 2*u + 7. Let g(l) = -l + 13. Let s be g(8). What is the remainder when 43 is divided by f(s)?
21
Suppose -92 + 320 = 4*w. What is the remainder when w is divided by 12?
9
Suppose -y + 42 = -4*n, 8*n = -4*y + 3*n + 84. Let g = 37 - y. Calculate the remainder when g is divided by 3.
2
Let r = 212 + -141. What is the remainder when r is divided by 6?
5
Let g be 19/(-3) - (-2)/6. Let f(x) = -x + 8. Let s be f(0). Let w = s + g. Calculate the remainder when w is divided by 2.
0
Let h(f) = -3*f + 3. Let t = -14 + 9. Let i(u) = 2*u**2 + 6*u + 3. Calculate the remainder when i(t) is divided by h(-3).
11
Calculate the remainder when 51 is divided by 14 - (-5)/((-5)/(-4)).
15
Suppose 5*l = -3*c + 186, -4*c + 248 = 3*l - 11. What is the remainder when c is divided by 17?
16
Let q be (-162)/(-12) - 2/(-4). Suppose -2*h - 4*j - q = 0, -3*j - 2*j - 18 = 3*h. Calculate the remainder when (-3)/9*(-70 - h)